st common factor of 1339780 and 520?
260
Calculate the highest common divisor of 67975 and 25.
25
What is the greatest common divisor of 14782 and 38?
38
Calculate the highest common factor of 268793 and 2107.
301
Calculate the greatest common divisor of 519 and 677641.
173
Calculate the highest common divisor of 9418 and 306.
34
Calculate the greatest common factor of 10933 and 169.
13
What is the greatest common factor of 36 and 7496?
4
What is the greatest common divisor of 276 and 1334046?
138
What is the greatest common divisor of 367220 and 3843?
427
Calculate the greatest common factor of 107172 and 1.
1
What is the highest common factor of 6890 and 88510?
530
What is the highest common divisor of 1190 and 81515?
595
Calculate the highest common factor of 566196 and 21.
3
What is the highest common factor of 73050 and 195?
15
Calculate the highest common factor of 438368 and 84.
28
Calculate the highest common divisor of 11487 and 8988.
21
What is the highest common divisor of 13727 and 25123?
259
Calculate the greatest common divisor of 69 and 265719.
69
What is the greatest common factor of 5626 and 485?
97
What is the greatest common divisor of 5929 and 9922?
121
What is the greatest common factor of 6720 and 295540?
140
Calculate the greatest common divisor of 51 and 111945.
51
What is the greatest common factor of 162198 and 63?
9
Calculate the highest common divisor of 28542 and 246.
6
What is the highest common factor of 1675 and 3725?
25
Calculate the highest common divisor of 30926 and 294.
14
Calculate the highest common divisor of 47840 and 16.
16
What is the highest common factor of 11 and 20401392?
11
What is the greatest common factor of 189 and 5446?
7
What is the greatest common divisor of 237 and 573?
3
What is the greatest common divisor of 24814 and 152?
38
Calculate the highest common factor of 738192 and 140.
28
Calculate the highest common divisor of 366 and 2233149.
183
What is the greatest common factor of 17712 and 208?
16
Calculate the highest common divisor of 737282 and 28.
14
What is the highest common factor of 211718 and 663?
221
Calculate the greatest common divisor of 4 and 2135.
1
Calculate the greatest common factor of 1724 and 79735.
431
What is the highest common divisor of 480 and 16752?
48
What is the greatest common divisor of 98 and 478226?
14
What is the highest common divisor of 3859 and 306?
17
Calculate the highest common factor of 45 and 8465.
5
Calculate the greatest common divisor of 54 and 5298.
6
What is the highest common divisor of 136249 and 781?
71
What is the highest common factor of 493 and 552160?
493
What is the greatest common divisor of 94000 and 256?
16
Calculate the highest common divisor of 234525 and 150.
75
What is the highest common factor of 290 and 26796?
58
Calculate the greatest common factor of 25764 and 19662.
678
Calculate the highest common factor of 1033059 and 3.
3
What is the highest common divisor of 2773 and 10434?
47
What is the greatest common factor of 10561 and 6981?
179
What is the greatest common factor of 12048 and 1092?
12
What is the highest common divisor of 14208 and 832?
64
Calculate the highest common divisor of 243 and 65943.
9
Calculate the greatest common factor of 197140 and 40.
20
Calculate the highest common factor of 715 and 17126395.
715
Calculate the greatest common divisor of 343 and 466.
1
Calculate the highest common divisor of 41234 and 154822.
778
What is the highest common divisor of 28610 and 20?
10
Calculate the greatest common factor of 171058 and 4984.
178
What is the greatest common divisor of 1036 and 65786?
518
What is the highest common factor of 104706 and 378?
378
What is the greatest common divisor of 156 and 131027?
13
Calculate the highest common divisor of 505590 and 570.
570
Calculate the highest common factor of 2788607 and 67.
67
Calculate the greatest common factor of 20228 and 1868756.
1556
Calculate the greatest common divisor of 980 and 4795.
35
What is the greatest common factor of 176 and 1368?
8
What is the highest common factor of 194 and 261221?
97
What is the greatest common divisor of 17782 and 221?
17
What is the greatest common divisor of 78 and 238719?
39
What is the greatest common divisor of 2050 and 738?
82
What is the highest common factor of 247 and 7241?
13
Calculate the greatest common factor of 524 and 35501.
131
What is the greatest common factor of 58983 and 13?
1
Calculate the greatest common factor of 381 and 42799.
127
Calculate the highest common factor of 171600 and 6032.
208
Calculate the highest common divisor of 43124 and 4.
4
Calculate the greatest common divisor of 545202 and 6.
6
What is the greatest common divisor of 87 and 43674?
87
Calculate the greatest common factor of 2412 and 3564.
36
What is the highest common divisor of 3726 and 206586?
414
Calculate the highest common factor of 33760 and 51695.
1055
Calculate the highest common divisor of 4 and 153364.
4
Calculate the highest common divisor of 1287 and 65247.
39
What is the highest common factor of 1440 and 460384?
32
Calculate the greatest common factor of 696583 and 1535.
307
Calculate the greatest common divisor of 196960 and 160.
160
What is the greatest common factor of 663124 and 308?
308
Calculate the highest common factor of 678 and 246453.
339
What is the greatest common factor of 64 and 241216?
64
Calculate the greatest common divisor of 17874 and 52.
2
Calculate the highest common factor of 7986 and 1254.
66
What is the highest common divisor of 6283 and 976?
61
What is the greatest common factor of 208788 and 12?
12
Calculate the greatest common factor of 12814 and 602.
86
Calculate the highest common factor of 12410 and 3502.
34
Calculate the highest common divisor of 618 and 282.
6
What is the greatest common factor of 12 and 85124?
4
Calculate the greatest common factor of 627 and 215897.
209
What is the highest common divisor of 17375 and 9150?
25
What is the greatest common factor of 9250 and 28130?
10
Calculate the greatest common factor of 62 and 766258.
62
Calculate the greatest common factor of 41 and 1123.
1
Calculate the greatest common factor of 175 and 31675.
175
Calculate the greatest common divisor of 23260 and 460.
20
Calculate the highest common divisor of 1748 and 1911001.
437
Calculate the greatest common divisor of 189 and 2033073.
189
Calculate the highest common factor of 2216 and 149303.
277
What is the highest common factor of 1924 and 23244?
52
What is the greatest common factor of 180 and 6024180?
60
What is the highest common divisor of 570910 and 3330?
370
Calculate the highest common divisor of 520890 and 6265.
895
What is the highest common factor of 513 and 13743?
27
What is the highest common divisor of 2842 and 628894?
406
What is the greatest common divisor of 607898 and 47?
47
Calculate the highest common divisor of 6536514 and 487.
487
What is the highest common factor of 5058 and 124483?
281
Calculate the highest common factor of 5293 and 632.
79
Calculate the greatest common factor of 5 and 50695.
5
Calculate the highest common divisor of 340590 and 1305.
15
What is the greatest common factor of 47124 and 3696?
924
Calculate the highest common factor of 40140 and 720.
180
Calculate the greatest common divisor of 77 and 280819.
77
What is the greatest common factor of 295 and 2817545?
295
Calculate the greatest common divisor of 211172 and 156.
52
Calculate the greatest common factor of 196560 and 1360.
80
Calculate the highest common divisor of 126025 and 25.
25
Calculate the highest common factor of 28 and 15722.
14
Calculate the greatest common divisor of 156 and 127101.
39
What is the highest common factor of 1349 and 357656?
19
What is the greatest common factor of 482 and 21449?
241
What is the greatest common factor of 46977 and 5376?
21
Calculate the greatest common divisor of 19194 and 1281.
21
What is the greatest common factor of 9071 and 28178?
193
What is the greatest common factor of 23961 and 98?
49
Calculate the greatest common divisor of 3200 and 13300.
100
Calculate the highest common factor of 5 and 250055.
5
What is the greatest common divisor of 837 and 5667?
3
What is the highest common divisor of 542 and 78861?
271
Calculate the greatest common 